11*k**3/6 + 79*k**2/2 - k + 1611. Determine l(8).
-9
Let g(t) = -6*t - 3. Let b(o) = 7*o + 20. Let x(d) = -b(d) - g(d). What is x(11)?
-28
Let c(m) = -101*m + 3. Let t(q) = -121*q + 1. Let r(w) = -6*c(w) + 5*t(w). Calculate r(11).
-2
Let r(x) be the first derivative of -160 + 4*x - 1/2*x**2. What is r(13)?
-9
Let t(g) = -4*g**2 + 2 + 3*g + 4*g**2 + 3*g**3. Let a = 31911 - 31913. Calculate t(a).
-28
Let d = 82237/3 + -27412. Let i(g) be the first derivative of g + 1 - 3/2*g**2 + d*g**3. Calculate i(4).
5
Let k(b) = -2*b**3 + 10*b**2 - 4*b - 7. Suppose 8*l - 266 = -226. Calculate k(l).
-27
Suppose 4*d - 16 = -4. Let m(t) = 0*t**3 - 33491*t**2 + 33493*t**2 + 6*t - 7 - t**3. Calculate m(d).
2
Let f = 62 + -54. Let y be ((-36)/(-8))/(6/f). Suppose y*a - 16 = 20. Let o(v) = -v**3 + 5*v**2 + 4*v + 2. Determine o(a).
-10
Let j(t) be the first derivative of 3*t**2 - 2*t - 4. Let y(x) = x**2 - 12*x - 487. Let d be y(-17). Determine j(d).
34
Suppose -3*c + 5*n = 35, -15 = c - 2*c - 5*n. Let u(x) be the first derivative of 3*x**2/2 + 34. Let s(i) = i - 1. Let g(z) = c*s(z) + u(z). Give g(-6).
17
Let i(x) = -x**2 - 11*x + 30. Suppose 123 = 2*w + 5*z - 6*z, -2*z + 266 = 4*w. Suppose 0 = 5*r - w*r - 767. Determine i(r).
4
Suppose k - 21 + 1 = -5*h, 4*h - 3*k = 16. Let t(o) = -117*o**2 + 26*o - 11. Let d(w) = -47*w**2 + 12*w - 5. Let b(m) = 5*d(m) - 2*t(m). Calculate b(h).
13
Suppose p - 196 = 4*j + 84, -4*p - 4*j + 1080 = 0. Let b = p - 279. Let w(y) = -y. Calculate w(b).
7
Let n(p) = -103*p - 45. Let w be n(-2). Suppose -4*d = -61 - 163. Let c(a) = -d + w + 11*a - 53 - 53. What is c(1)?
10
Let g(o) = 5*o - 7 - 2 - 1 - 19 + 37 - 2. Let r be 1*5*12/(-10). Give g(r).
-24
Let d(x) = x**3 - 21*x**2 - x + 10. Let o = -12735 - -12756. What is d(o)?
-11
Let z be (-108)/(-28) + 6/42. Let p be z - 5/(35/28). Let m(o) = o**3 - 20. What is m(p)?
-20
Let n(m) = -5*m + 5. Suppose -57*a - 312 = 3*a + 44*a. Calculate n(a).
20
Let p(o) = -92 - 4275*o + 12819*o - 4272*o - 4281*o. Give p(-9).
-11
Suppose 10*l = 22 + 44 + 44. Let z(p) = p**2 - 8*p + 23. What is z(l)?
56
Let w be ((-13)/52)/((-4)/192). Suppose 512 = w*i + 20*i. Let n(p) = p - 12. Determine n(i).
4
Let u = -8 - -2. Let a(b) be the first derivative of 7*b**2/2 - 5*b - 60. Let j(r) = -15*r + 9. Let m(l) = u*j(l) - 11*a(l). Determine m(1).
14
Let z = -22 + 5. Let m = -22 - z. Let y(c) = -5*c**3 + 10*c**2 - 6*c - 7. Let w(q) = -4*q**3 + 9*q**2 - 6*q - 6. Let a(h) = 6*w(h) - 5*y(h). Determine a(m).
4
Let w = 45 + -41. Let g(f) = w + 0*f + f**2 - 1 + f + 2. Let a = 15 - 15. Determine g(a).
5
Let a(d) = -7*d - 7. Let r be a(-2). Suppose -2*m - r = -1. Let n(y) be the first derivative of y**4/4 + y**3 + y**2 - 4*y + 24. Determine n(m).
-10
Let m(w) be the third derivative of w**5/60 - 7*w**4/24 - 11*w**3/3 - 2*w**2 - 347*w - 19. Let d = -5 - -14. Give m(d).
-4
Let z(b) = -2*b**3 - b. Let x be z(-1). Suppose 2*g - 9 = -2*g + u, x*u = 3*g. Let m(t) = -g + 19*t + 5*t**2 + t**3 + 0*t**3 - 13*t**2 - 27*t. Calculate m(9).
6
Let x(v) be the third derivative of v**5/30 + v**4/2 + 3*v**3 + 5*v**2 + 95*v - 2. What is x(-5)?
8
Let w(c) = c. Suppose 18*m = -m - 2527. Let q = m + 137. Calculate w(q).
4
Suppose -1703*u = -1720*u. Let m(a) = -a**3 + a**2 + 46. What is m(u)?
46
Let g(h) = 5*h + 10*h - 14*h - 28 + 53 - 13 - 26. Let a(q) = -q**3 + 4*q**2 + 2*q - 6. Let u be a(4). Suppose u*t - 3 = 9. What is g(t)?
-8
Let w be (-2)/3 - (-665)/(-105). Let n be (8 + w)/((-3)/45). Let j(l) = -l**3 - 16*l**2 - 14*l + 17. Calculate j(n).
2
Suppose 4*n - 3*o = -6, 0 = n + 6*o - 7*o + 3. Let h(m) = -m**3 - 9*m**2 - 4. Let j(u) = -8*u**2 + u - 4. Let b(k) = -3*h(k) + 4*j(k). What is b(n)?
44
Let m(z) = z**2 + 17*z + 37. Suppose -96*u - 548 = 796. Give m(u).
-5
Let f(v) be the first derivative of 5*v**2 + 163*v + 14806. Calculate f(-17).
-7
Let r(a) = -a + 12*a - 2 - 3*a - 7*a. Suppose -15*v = -11 - 4. Calculate r(v).
-1
Let h(y) = 304*y - 2149. Let u be h(7). Let v(a) = a**2 + 20*a - 20. What is v(u)?
1
Let f(d) = 402*d**2 - d - 81. Let g(l) = -1106*l**2 + 3*l + 243. Let p(i) = 11*f(i) + 4*g(i). Calculate p(-6).
3
Let m be (-24)/(-10) + (-16)/40. Suppose 3*z - m*d = 53, 7*d = -z + 3*d - 1. Let p(a) = z*a + a**3 - 5 - 15*a. What is p(0)?
-5
Let l(s) = -10*s**2. Let c(d) = -d**3 + 6*d**2 - 5*d + 13. Let z(b) = -b**3. Let x(m) = c(m) - 2*z(m). Let g be x(-7). Determine l(g).
-10
Suppose -3*s + 35 = 53. Let a(y) = -y - 1. Let c be a(s). Let n(i) = -i**3 - 2*i + 2*i**3 - c*i**2 + 2*i - 1 - 5*i. Determine n(6).
5
Let w(i) = -43*i + 914. Let f be w(21). Let y(c) = c**2 - 14*c + 38. Determine y(f).
5
Let v(x) = -50*x - 5. Let l(o) = -6*o - 122. Let f be l(-20). Give v(f).
95
Let k(y) = 37*y**2 + 15*y - 24. Let m be 48/72*1*9. Let v(b) = 18*b**2 + 8*b - 13. Let r(g) = m*k(g) - 11*v(g). Calculate r(1).
25
Let w(q) be the first derivative of -q**6/360 - q**4/24 + 11*q**3 + 74. Let t(z) be the third derivative of w(z). What is t(2)?
-5
Let o(g) = -g**3 + 13*g**2 - 21*g - 12. Let a be (96/(4 - -2) - 10) + 5. What is o(a)?
-1
Let u(d) = d - 13. Suppose -8*b + 126 = 70. Let y(z) = -2*z**2 + 13*z + 17. Let s be y(b). Determine u(s).
-3
Let f(m) = -341*m**3 - 8*m - 338*m**3 + 7*m**2 + 1013*m**3 + 3 - 333*m**3. Give f(-8).
3
Let c(b) be the first derivative of 3*b**2/2 - 36*b - 416. Determine c(14).
6
Let u(l) = -254*l**2 + 27*l + 6. Let k(w) = -42*w**2 + w. Let t(s) = -6*k(s) + u(s). Determine t(11).
-5
Let r(k) = -2*k + 7. Let d be r(-4). Suppose -14*y - 3 = -d*y. Let l = -8 + y. Let z(o) = -o**3 - 6*o**2 - 3*o + 5. What is z(l)?
-5
Let g be (10/(-4))/((-55)/44). Suppose -g*k + 4*k = -x - 7, -17 = -4*x + k. Let m be 4 + x/(-9)*3. Let y(v) = 4*v**2 - 4*v + 4. Give y(m).
28
Let r(k) = -19*k**2 + 2*k - 35. Let l(s) = 54*s**2 - 7*s + 101. Let m(n) = -6*l(n) - 17*r(n). Give m(6).
1
Let o(n) = n**3 - 4*n**2 - 2*n - 3. Let r(v) = -80*v - 315. Let z be r(-4). Calculate o(z).
12
Let p(h) = h + 1. Let q(t) = 86 - 185 + 2*t**2 - 21*t + 92 - 5*t**2. Let c be q(-7). Determine p(c).
-6
Suppose -8 = s - 5224*l + 5226*l, -2*s = -2*l - 14. Let p(z) = 14*z**2 - 14*z + 3. Calculate p(s).
31
Let j be (1515/(-6))/((-3)/(-6)*-1). Let f(h) = h - 9*h - j*h**2 + 506*h**2 + 3. Determine f(4).
-13
Suppose 4*c + x = 7, c + 2*x = -9 + 2. Suppose c*a - 9 = -5*l + 8*l, 0 = -2*l. Let t(z) = -2*z - 4. Determine t(a).
-10
Let u(v) = -972*v - 2940. Let l be u(-3). Let b(t) = -t**2 - 22*t + 51. Give b(l).
3
Let j = 9261 - 9258. Let z(h) = -3*h**2 + 11*h - 4. Calculate z(j).
2
Let q(h) = -4*h**3 - 64*h**2 - 24*h + 28. Let f be q(-13). Let l = 1689 + f. Let n(a) = -1 - 6*a**3 + 13*a**3 + 0. Give n(l).
6
Suppose 22 = -49*t + 60*t. Suppose -t*s = 0, -2*w = w + 5*s + 42. Let m(f) = f + 13. Give m(w).
-1
Let y(w) = 1169 - 3585 + 20*w + 1195 + w + w**2 + 1186. Give y(-22).
-13
Let z(o) = 1 - 12*o - 6 + 17*o**2 - 18*o**2 - 14. Let b be z(-2). Let k(s) = -13*s + 4. Let n(l) = -25*l + 7. Let x(m) = 5*k(m) - 3*n(m). Determine x(b).
9
Let m(t) = 6*t**2 - 9*t - 36. Let b(o) = o**2 - 6. Let c(k) = 5*b(k) - m(k). Suppose 0 = -5*g + d + 30, -2*g + 0 - 1 = -3*d. What is c(g)?
20
Let y(f) = -4*f - 37. Suppose 1080*v = 1092*v + 84. What is y(v)?
-9
Let h(v) = -2*v + 10 - 13*v - 2*v + 24*v - 5*v. Let l be -10*(-4)/(2*-2). What is h(l)?
-10
Let n be (0/1 + -2)/((-2)/7). Suppose -45 = 4*x - n*x. Let v be (2*6/x)/(6/(-15)). Let y(b) = b**3 + 3*b**2 + 3*b. Calculate y(v).
-2
Let d(r) be the third derivative of 1/8*r**4 + 1/6*r**3 - 6*r + 2*r**2 - 1/120*r**6 - 1/10*r**5 + 0. Determine d(-6).
-17
Let v(t) = -t + 9. Let g(q) = 2*q + 10. Let m be g(0). Suppose 4*w = -m*w. Suppose w = -4*x + 5*p - p + 12, -2*p + 14 = 2*x. Calculate v(x).
4
Let v(b) = -166*b + 146*b + 0 + 1. Let y be -1*(1 + -2 + -1). Suppose -z - 1 = -3*n, y*z - 5*z - 11 = -n. Give v(n).
21
Let o(u) = 4*u - 1. Let w be (3 - 5)*-1 - 1. Determine o(w).
3
Let g(x) = 21*x + 4. Suppose 199*n - 17 = 204*n - 2*i, n - 5*i = -31. Give g(n).
-17
Let r(p) = -2*p**2 - 6*p. Let g(c) = 2*c**3 + 3*c**2 - 1. Let m be g(-2). Let h(x) = x + 18. Let i be h(m). Let v = -17 + i. Determine r(v).
-8
Suppose 3*s + 42 = 15. Let h(z) = 33*z**2 - 6*z - 1. Let b be h(-1). Let f(o) = -b*o + 39*o + 11 + 0. Determine f(s).
2
Let v(m) = 7*m**2 - 6*m + 4. Let a be (-1 - (-2)/5) + 28/5. 